{"id":20265,"date":"2026-02-03T10:33:22","date_gmt":"2026-02-03T13:33:22","guid":{"rendered":"https:\/\/911sport.cl\/tienda\/?post_type=product&#038;p=20265"},"modified":"2026-02-03T10:43:44","modified_gmt":"2026-02-03T13:43:44","slug":"suspencion-sachs","status":"publish","type":"product","link":"https:\/\/911sport.cl\/tienda\/producto\/suspencion-sachs\/","title":{"rendered":"SUSPENCION SACHS"},"content":{"rendered":"<p>El amortiguador SACHS 170 257 es la elecci\u00f3n definitiva para restaurar la din\u00e1mica de conducci\u00f3n original de su Porsche. Como proveedor de equipo original para la marca de Stuttgart, SACHS fabrica estos componentes bajo las mismas tolerancias y especificaciones que las piezas de f\u00e1brica, garantizando un equilibrio perfecto entre confort de marcha y precisi\u00f3n deportiva.<br \/>\nEste modelo utiliza tecnolog\u00eda de presi\u00f3n de gas, que evita la formaci\u00f3n de espuma en el aceite (cavitaci\u00f3n) durante la conducci\u00f3n exigente, manteniendo una fuerza de amortiguaci\u00f3n constante incluso bajo temperaturas extremas. Es la soluci\u00f3n ideal para quienes buscan mantener la autenticidad y seguridad de su deportivo sin compromisos<\/p>\n<p>Modelos Porsche Compatibles<\/p>\n<p>* Porsche 911 (Generaci\u00f3n 996): Modelos Carrera 2 y Carrera 4 (1998\u20132005).<br \/>\n* Porsche Boxster (Generaci\u00f3n 986): Modelos Base y S (1997\u20132004).<\/p>\n<p>&nbsp;<\/p>\n","protected":false},"excerpt":{"rendered":"<p>Recomendaci\u00f3n de seguridad: Los amortiguadores siempre deben reemplazarse por pares (eje completo) para garantizar un manejo equilibrado y seguro. Un desequilibrio en la amortiguaci\u00f3n puede afectar los sistemas de control de estabilidad (PSM).<\/p>\n","protected":false},"featured_media":20277,"comment_status":"open","ping_status":"closed","template":"","meta":[],"product_brand":[],"product_cat":[657,659],"product_tag":[],"class_list":{"0":"post-20265","1":"product","2":"type-product","3":"status-publish","4":"has-post-thumbnail","6":"product_cat-ruedas-frenos","7":"product_cat-ruedas-neumaticos","9":"first","10":"instock","11":"taxable","12":"shipping-taxable","13":"purchasable","14":"product-type-simple"},"yoast_head":"<!-- This site is optimized with the Yoast SEO Premium plugin v26.2 (Yoast SEO v26.2) - https:\/\/yoast.com\/wordpress\/plugins\/seo\/ -->\n<title>SUSPENCION SACHS - 911 Sport - Tienda<\/title>\n<meta name=\"robots\" content=\"index, follow, max-snippet:-1, max-image-preview:large, max-video-preview:-1\" \/>\n<link rel=\"canonical\" href=\"https:\/\/911sport.cl\/tienda\/producto\/suspencion-sachs\/\" \/>\n<meta property=\"og:locale\" content=\"es_ES\" \/>\n<meta property=\"og:type\" content=\"article\" \/>\n<meta property=\"og:title\" content=\"SUSPENCION SACHS\" \/>\n<meta property=\"og:description\" content=\"Recomendaci\u00f3n de seguridad: Los amortiguadores siempre deben reemplazarse por pares (eje completo) para garantizar un manejo equilibrado y seguro. Un desequilibrio en la amortiguaci\u00f3n puede afectar los sistemas de control de estabilidad (PSM).\" \/>\n<meta property=\"og:url\" content=\"https:\/\/911sport.cl\/tienda\/producto\/suspencion-sachs\/\" \/>\n<meta property=\"og:site_name\" content=\"911 Sport - Tienda\" \/>\n<meta property=\"article:modified_time\" content=\"2026-02-03T13:43:44+00:00\" \/>\n<meta property=\"og:image\" content=\"https:\/\/911sport.cl\/tienda\/wp-content\/uploads\/2026\/02\/IMG_1996-Photoroom.png\" \/>\n\t<meta property=\"og:image:width\" content=\"1512\" \/>\n\t<meta property=\"og:image:height\" content=\"1512\" \/>\n\t<meta property=\"og:image:type\" content=\"image\/png\" \/>\n<meta name=\"twitter:card\" content=\"summary_large_image\" \/>\n<meta name=\"twitter:label1\" content=\"Tiempo de lectura\" \/>\n\t<meta name=\"twitter:data1\" content=\"1 minuto\" \/>\n<script type=\"application\/ld+json\" class=\"yoast-schema-graph\">{\"@context\":\"https:\/\/schema.org\",\"@graph\":[{\"@type\":\"WebPage\",\"@id\":\"https:\/\/911sport.cl\/tienda\/producto\/suspencion-sachs\/\",\"url\":\"https:\/\/911sport.cl\/tienda\/producto\/suspencion-sachs\/\",\"name\":\"SUSPENCION SACHS - 911 Sport - Tienda\",\"isPartOf\":{\"@id\":\"https:\/\/911sport.cl\/tienda\/#website\"},\"primaryImageOfPage\":{\"@id\":\"https:\/\/911sport.cl\/tienda\/producto\/suspencion-sachs\/#primaryimage\"},\"image\":{\"@id\":\"https:\/\/911sport.cl\/tienda\/producto\/suspencion-sachs\/#primaryimage\"},\"thumbnailUrl\":\"https:\/\/911sport.cl\/tienda\/wp-content\/uploads\/2026\/02\/IMG_1996-Photoroom.png\",\"datePublished\":\"2026-02-03T13:33:22+00:00\",\"dateModified\":\"2026-02-03T13:43:44+00:00\",\"breadcrumb\":{\"@id\":\"https:\/\/911sport.cl\/tienda\/producto\/suspencion-sachs\/#breadcrumb\"},\"inLanguage\":\"es\",\"potentialAction\":[{\"@type\":\"ReadAction\",\"target\":[\"https:\/\/911sport.cl\/tienda\/producto\/suspencion-sachs\/\"]}]},{\"@type\":\"ImageObject\",\"inLanguage\":\"es\",\"@id\":\"https:\/\/911sport.cl\/tienda\/producto\/suspencion-sachs\/#primaryimage\",\"url\":\"https:\/\/911sport.cl\/tienda\/wp-content\/uploads\/2026\/02\/IMG_1996-Photoroom.png\",\"contentUrl\":\"https:\/\/911sport.cl\/tienda\/wp-content\/uploads\/2026\/02\/IMG_1996-Photoroom.png\",\"width\":1512,\"height\":1512},{\"@type\":\"BreadcrumbList\",\"@id\":\"https:\/\/911sport.cl\/tienda\/producto\/suspencion-sachs\/#breadcrumb\",\"itemListElement\":[{\"@type\":\"ListItem\",\"position\":1,\"name\":\"Portada\",\"item\":\"https:\/\/911sport.cl\/tienda\/\"},{\"@type\":\"ListItem\",\"position\":2,\"name\":\"SHOP\",\"item\":\"https:\/\/911sport.cl\/tienda\/shop\/\"},{\"@type\":\"ListItem\",\"position\":3,\"name\":\"SUSPENCION SACHS\"}]},{\"@type\":\"WebSite\",\"@id\":\"https:\/\/911sport.cl\/tienda\/#website\",\"url\":\"https:\/\/911sport.cl\/tienda\/\",\"name\":\"911 Sport - Tienda\",\"description\":\"by Anthonn Lucas\",\"potentialAction\":[{\"@type\":\"SearchAction\",\"target\":{\"@type\":\"EntryPoint\",\"urlTemplate\":\"https:\/\/911sport.cl\/tienda\/?s={search_term_string}\"},\"query-input\":{\"@type\":\"PropertyValueSpecification\",\"valueRequired\":true,\"valueName\":\"search_term_string\"}}],\"inLanguage\":\"es\"}]}<\/script>\n<!-- \/ Yoast SEO Premium plugin. -->","yoast_head_json":{"title":"SUSPENCION SACHS - 911 Sport - Tienda","robots":{"index":"index","follow":"follow","max-snippet":"max-snippet:-1","max-image-preview":"max-image-preview:large","max-video-preview":"max-video-preview:-1"},"canonical":"https:\/\/911sport.cl\/tienda\/producto\/suspencion-sachs\/","og_locale":"es_ES","og_type":"article","og_title":"SUSPENCION SACHS","og_description":"Recomendaci\u00f3n de seguridad: Los amortiguadores siempre deben reemplazarse por pares (eje completo) para garantizar un manejo equilibrado y seguro. Un desequilibrio en la amortiguaci\u00f3n puede afectar los sistemas de control de estabilidad (PSM).","og_url":"https:\/\/911sport.cl\/tienda\/producto\/suspencion-sachs\/","og_site_name":"911 Sport - Tienda","article_modified_time":"2026-02-03T13:43:44+00:00","og_image":[{"width":1512,"height":1512,"url":"https:\/\/911sport.cl\/tienda\/wp-content\/uploads\/2026\/02\/IMG_1996-Photoroom.png","type":"image\/png"}],"twitter_card":"summary_large_image","twitter_misc":{"Tiempo de lectura":"1 minuto"},"schema":{"@context":"https:\/\/schema.org","@graph":[{"@type":"WebPage","@id":"https:\/\/911sport.cl\/tienda\/producto\/suspencion-sachs\/","url":"https:\/\/911sport.cl\/tienda\/producto\/suspencion-sachs\/","name":"SUSPENCION SACHS - 911 Sport - Tienda","isPartOf":{"@id":"https:\/\/911sport.cl\/tienda\/#website"},"primaryImageOfPage":{"@id":"https:\/\/911sport.cl\/tienda\/producto\/suspencion-sachs\/#primaryimage"},"image":{"@id":"https:\/\/911sport.cl\/tienda\/producto\/suspencion-sachs\/#primaryimage"},"thumbnailUrl":"https:\/\/911sport.cl\/tienda\/wp-content\/uploads\/2026\/02\/IMG_1996-Photoroom.png","datePublished":"2026-02-03T13:33:22+00:00","dateModified":"2026-02-03T13:43:44+00:00","breadcrumb":{"@id":"https:\/\/911sport.cl\/tienda\/producto\/suspencion-sachs\/#breadcrumb"},"inLanguage":"es","potentialAction":[{"@type":"ReadAction","target":["https:\/\/911sport.cl\/tienda\/producto\/suspencion-sachs\/"]}]},{"@type":"ImageObject","inLanguage":"es","@id":"https:\/\/911sport.cl\/tienda\/producto\/suspencion-sachs\/#primaryimage","url":"https:\/\/911sport.cl\/tienda\/wp-content\/uploads\/2026\/02\/IMG_1996-Photoroom.png","contentUrl":"https:\/\/911sport.cl\/tienda\/wp-content\/uploads\/2026\/02\/IMG_1996-Photoroom.png","width":1512,"height":1512},{"@type":"BreadcrumbList","@id":"https:\/\/911sport.cl\/tienda\/producto\/suspencion-sachs\/#breadcrumb","itemListElement":[{"@type":"ListItem","position":1,"name":"Portada","item":"https:\/\/911sport.cl\/tienda\/"},{"@type":"ListItem","position":2,"name":"SHOP","item":"https:\/\/911sport.cl\/tienda\/shop\/"},{"@type":"ListItem","position":3,"name":"SUSPENCION SACHS"}]},{"@type":"WebSite","@id":"https:\/\/911sport.cl\/tienda\/#website","url":"https:\/\/911sport.cl\/tienda\/","name":"911 Sport - Tienda","description":"by Anthonn Lucas","potentialAction":[{"@type":"SearchAction","target":{"@type":"EntryPoint","urlTemplate":"https:\/\/911sport.cl\/tienda\/?s={search_term_string}"},"query-input":{"@type":"PropertyValueSpecification","valueRequired":true,"valueName":"search_term_string"}}],"inLanguage":"es"}]}},"_links":{"self":[{"href":"https:\/\/911sport.cl\/tienda\/wp-json\/wp\/v2\/product\/20265","targetHints":{"allow":["GET"]}}],"collection":[{"href":"https:\/\/911sport.cl\/tienda\/wp-json\/wp\/v2\/product"}],"about":[{"href":"https:\/\/911sport.cl\/tienda\/wp-json\/wp\/v2\/types\/product"}],"replies":[{"embeddable":true,"href":"https:\/\/911sport.cl\/tienda\/wp-json\/wp\/v2\/comments?post=20265"}],"version-history":[{"count":1,"href":"https:\/\/911sport.cl\/tienda\/wp-json\/wp\/v2\/product\/20265\/revisions"}],"predecessor-version":[{"id":20280,"href":"https:\/\/911sport.cl\/tienda\/wp-json\/wp\/v2\/product\/20265\/revisions\/20280"}],"wp:featuredmedia":[{"embeddable":true,"href":"https:\/\/911sport.cl\/tienda\/wp-json\/wp\/v2\/media\/20277"}],"wp:attachment":[{"href":"https:\/\/911sport.cl\/tienda\/wp-json\/wp\/v2\/media?parent=20265"}],"wp:term":[{"taxonomy":"product_brand","embeddable":true,"href":"https:\/\/911sport.cl\/tienda\/wp-json\/wp\/v2\/product_brand?post=20265"},{"taxonomy":"product_cat","embeddable":true,"href":"https:\/\/911sport.cl\/tienda\/wp-json\/wp\/v2\/product_cat?post=20265"},{"taxonomy":"product_tag","embeddable":true,"href":"https:\/\/911sport.cl\/tienda\/wp-json\/wp\/v2\/product_tag?post=20265"}],"curies":[{"name":"wp","href":"https:\/\/api.w.org\/{rel}","templated":true}]}}